15 a prime number?
False
Is 6449 a prime number?
True
Is 2447 composite?
False
Is 191269 a composite number?
True
Is 52653 a prime number?
False
Is 106094 prime?
False
Is 1027 a composite number?
True
Is 697299 composite?
True
Is 51751 a prime number?
False
Is 2927 composite?
False
Is 41167 composite?
True
Is 3821 prime?
True
Is 184739 a prime number?
False
Is 541015 composite?
True
Is 460363 a composite number?
True
Is 641549 prime?
True
Is 16999 composite?
True
Is 37 composite?
False
Is 18053 a composite number?
True
Is 7697 composite?
True
Is 263267 a composite number?
False
Is 3649 prime?
False
Is 5429 composite?
True
Is 96463 composite?
True
Is 183149 a composite number?
True
Is 13639 composite?
True
Is 68369 prime?
False
Is 10637 prime?
False
Is 6619 prime?
True
Is 154387 composite?
False
Is 6761 a composite number?
False
Is 336511 composite?
True
Is 2818 prime?
False
Is 27403 prime?
False
Is 37273 a composite number?
False
Is 1227531 a composite number?
True
Is 227705 prime?
False
Is 13591 prime?
True
Is 177673 prime?
False
Is 980957 a prime number?
True
Is 1262 composite?
True
Is 16963 a composite number?
False
Is 17231 prime?
True
Is 41039 composite?
False
Is 8788861 a prime number?
True
Is 1026661 prime?
True
Is 67321 composite?
True
Is 1439665 composite?
True
Is 5161 composite?
True
Is 24281 a composite number?
False
Is 1569217 prime?
False
Is 53481 composite?
True
Is 13971 a prime number?
False
Is 35267 a composite number?
False
Is 25621 prime?
True
Is 2300117 a prime number?
False
Is 166607 prime?
False
Is 2861 a composite number?
False
Is 398501 composite?
True
Is 697877 a composite number?
False
Is 29917 a prime number?
True
Is 989441 prime?
True
Is 9937 a prime number?
False
Is 76943 prime?
True
Is 2701 a composite number?
True
Is 136621 prime?
True
Is 1333 a composite number?
True
Is 20721 composite?
True
Is 2459 a prime number?
True
Is 55421 a composite number?
True
Is 32117 a composite number?
False
Is 1225277 composite?
True
Is 1472741 a composite number?
True
Is 4937051 a prime number?
False
Is 36451 a composite number?
False
Is 55801 composite?
True
Is 893901 a composite number?
True
Is 1121669 a prime number?
False
Is 25049 prime?
False
Is 575495 prime?
False
Is 16729 a prime number?
True
Is 2999 prime?
True
Is 25451 a composite number?
True
Is 1363049 a prime number?
False
Is 9467 prime?
True
Is 47933 a prime number?
True
Is 55121 a prime number?
False
Is 55409 prime?
False
Is 50501 a composite number?
True
Is 100907 composite?
False
Is 2939 a composite number?
False
Is 157881 a prime number?
False
Is 797179 composite?
True
Is 649 composite?
True
Is 22187 composite?
True
Is 811747 composite?
False
Is 364643 prime?
True
Is 973873 composite?
True
Is 44227 a prime number?
False
Is 4987 composite?
False
Is 13453 prime?
False
Is 38351 a composite number?
False
Is 10279 prime?
False
Is 1803473 prime?
False
Is 254279 a composite number?
False
Is 255839 a prime number?
True
Is 2487685 a prime number?
False
Is 117847 a prime number?
False
Is 84395 composite?
True
Is 30145 a prime number?
False
Is 1041 a composite number?
True
Is 62189 a prime number?
True
Is 2747 a prime number?
False
Is 4160179 prime?
True
Is 8663 a composite number?
False
Is 1171 composite?
False
Is 18187 a prime number?
False
Is 23227 a prime number?
True
Is 19347 a composite number?
True
Is 2561 a prime number?
False
Is 2333 a prime number?
True
Is 2335 composite?
True
Is 8259 a prime number?
False
Is 13381 prime?
True
Is 1260971 composite?
False
Is 30409 a composite number?
True
Is 69907 prime?
False
Is 717413 composite?
False
Is 213 composite?
True
Is 198395 a composite number?
True
Is 118343 composite?
False
Is 17291 a composite number?
False
Is 384311 composite?
True
Is 13397 a prime number?
True
Is 61639 a prime number?
False
Is 3737 prime?
False
Is 11707 prime?
False
Is 175957 composite?
True
Is 4721 a prime number?
True
Is 333561 composite?
True
Is 363091 a composite number?
True
Is 451873 prime?
True
Is 7019 prime?
True
Is 20019 a prime number?
False
Is 778013 prime?
True
Is 4561 composite?
False
Is 56537 composite?
True
Is 59833 a prime number?
True
Is 244687 composite?
False
Is 22 a prime number?
False
Is 6887 prime?
False
Is 138283 a prime number?
True
Is 11029 a composite number?
True
Is 24239 composite?
False
Is 3793 a composite number?
False
Is 213935 a composite number?
True
Is 10391 a composite number?
False
Is 2315 prime?
False
Is 111599 a prime number?
True
Is 29005 prime?
False
Is 1657 prime?
True
Is 42305 a prime number?
False
Is 58933 prime?
False
Is 118189 prime?
True
Is 37951 a prime number?
True
Is 30881 a prime number?
True
Is 376411 prime?
False
Is 9487 prime?
False
Is 5807 a prime number?
True
Is 14431 a composite number?
False
Is 30021 a composite number?
True
Is 85103 composite?
False
Is 18301 composite?
False
Is 49871 a prime number?
True
Is 57127 a composite number?
True
Is 102385 composite?
True
Is 4621 a composite number?
False
Is 144961 a prime number?
True
Is 593599 prime?
False
Is 1393 composite?
True
Is 109 a prime number?
True
Is 141209 prime?
True
Is 64747 prime?
True
Is 24481 prime?
True
Is 1181 a prime number?
True
Is 64673 a prime number?
False
Is 2518 composite?
True
Is 3007 composite?
True
Is 9533 a composite number?
False
Is 2767 composite?
False
Is 151517 composite?
False
Is 106751 composite?
False
Is 49957 a prime number?
True
Is 11863 a prime number?
True
Is 1618 a prime number?
False
Is 250427 composite?
True
Is 1801 composite?
False
Is 93847 a composite number?
True
Is 220291 a prime number?
True
Is 116063 prime?
False
Is 228761 composite?
True
Is 30293 a composite number?
False
Is 233293 a prime number?
True
Is 299 composite?
True
Is 29599 prime?
True
Is 160819 composite?
True
Is 3941 composite?
True
Is 451039 a prime number?
True
Is 7941 a composite number?
True
Is 249317 a prime number?
True
Is 373603 composite?
True
Is 1481 a composite number?
False
Is 11411 a prime number?
True
Is 1030499 composite?
True
Is 42169 a composite number?
False
Is 616639 composite?
False
Is 14797 a composite number?
False
Is 510007 prime?
True
Is 42839 prime?
True
Is 1511 composite?
False
Is 61141 prime?
True
Is 173887 a composite number?
True
Is 118571 prime?
True
Is 908417 prime?
True
Is 462633 prime?
False
Is 8899 a composite number?
True
Is 2117 a composite number?
True
Is 22871 prime?
True
Is 191093 a composite number?
True
Is 23731 prime?
False
Is 29453 composite?
False
Is 5567 a composite number?
True
Is 52339 a prime number?
False
Is 113053 a composite number?
True
Is 32633 a prime number?
True
Is 85843 a prime number?
True
Is 153059 a prime number?
True
Is 43283 prime?
True
Is 241609 a composite number?
True
Is 472993 a prime number?
True
Is 24523 prime?
False
Is 53849 a prime number?
True
Is 30263 a composite number?
True
Is 14221 a prime number?
True
Is 27598 composite?
True
Is 38443 prime?
False
Is 70991 prime?
True
Is 122167 a composite number?
False
Is 121 a composite number?
True
Is 2453 a composite number?
True
Is 60833 prime?
False
Is 519971 prime?
True
Is 46213 composite?
True
Is 16483 a prime number?
False
Is 10037 composite?
False
Is 194963 a composite number?
False
Is 242273 a prime number?
True
Is 644237 a prime number?
False
Is 24155 a prime number?
False
Is 1018 composite?
True
Is 231779 prime?
True
Is 2723 composite?
True
Is 251647 prime?
False
Is 109073 prime?
True
Is 624707 composite?
False
Is 261113 a composite number?
True
Is 742057 a composite number?
False
Is 11467 a composite number?
False
Is 2673431 prime?
True
Is 1901 composite?
False
Is 248197 a composite number?
True
Is 25383 a prime number?
False
Is 116867 a prime number?
True
Is 217157 a composite number?
False
Is 3251 composite?
False
Is 1801 composite?
False
Is 17371 a prime number?
False
Is 31821 a prime number?
False
Is 90989 prime?
True
Is 3119 prime?
True
Is 83383 composite?
False
Is 2237 a prime number?
True
Is 163433 a composite number?
False
Is 11303 a prime number?
False
Is 31583 prime?
True
Is 204499 a composite number?
True
Is 550241 prime?
True
Is 15245 a composite number?
True
Is 119321 composite?
False
Is 134497 a composite number?
True
Is 163597 a prime number?
False
Is 60981 prime?
False
Is 24029 a composite number?
F